{"id":1178,"date":"2020-11-02T13:24:11","date_gmt":"2020-11-02T12:24:11","guid":{"rendered":"https:\/\/www.audioag.com\/wordpress\/?page_id=1178"},"modified":"2020-11-02T13:24:14","modified_gmt":"2020-11-02T12:24:14","slug":"informationspflichten-gemaess-%c2%a7-18-artikel-2-elektro-und-elektronikgeraetegesetz","status":"publish","type":"page","link":"https:\/\/www.audioag.com\/wordpress\/de\/informationspflichten-gemaess-%c2%a7-18-artikel-2-elektro-und-elektronikgeraetegesetz\/","title":{"rendered":"Informationspflichten gem\u00e4\u00df  \u00a7 18, Artikel 2  Elektro- und Elektronikger\u00e4tegesetz"},"content":{"rendered":"\n<p>Angabe der quantitativen Zielvorgaben nach \u00a710 (3) und \u00a722 (1) des Elektro- und Elektronikger\u00e4tegesetzes (ElektroG) (Artikel 2 des Gesetzes zur Umsetzung der Abfallrahmenrichtlinie \u2013 \u00c4nderung des ElektroG in Paragraph 18)<\/p>\n\n\n\n<p>Das Gesetz zur Umsetzung der AbfRRL (Drucksache 88\/20) sieht in Artikel 2 eine \u00c4nderung des Elektro- und Elektronikger\u00e4tegesetzes in \u00a7 18 vor. Demnach ist j\u00e4hrlich der Stand der Erf\u00fcllung der quantitativen Zielvorgaben nach \u00a7 10 (3) und \u00a7 22 (1) ElektroG durch die Hersteller zu ver\u00f6ffentlichen.<\/p>\n\n\n\n<p>Das Ministerium f\u00fcr Umwelt, Naturschutz und nukleare Sicherheit ver\u00f6ffentlicht die in Deutschland erreichten und an die EU-Kommission zu \u00fcbermittelnden quantitativen Zielvorgaben j\u00e4hrlich auf folgender Internetseite:<\/p>\n\n\n\n<p><a href=\"https:\/\/www.bmu.de\/fileadmin\/Daten_BMU\/Download_PDF\/Abfallwirtschaft\/elektrogeraete_daten_2018_bf.pdf\">https:\/\/www.bmu.de\/fileadmin\/Daten_BMU\/Download_PDF\/Abfallwirtschaft\/elektrogeraete_daten_2018_bf.pdf<\/a><\/p>\n\n\n\n<p>Die Stiftung Elektro-Altger\u00e4te Register ver\u00f6ffentlicht die jeweils f\u00fcr das Vorjahr ermittelten Werte aus der Jahres-Statistik-Mitteilung der Hersteller f\u00fcr Deutschland hier:<\/p>\n\n\n\n<p><a href=\"https:\/\/www.stiftung-ear.de\/de\/service\/statistische-daten\/jahres-statistik-mitteilung\">https:\/\/www.stiftung-ear.de\/de\/service\/statistische-daten\/jahres-statistik-mitteilung<\/a><\/p>\n","protected":false},"excerpt":{"rendered":"<p>Angabe der quantitativen Zielvorgaben nach \u00a710 (3) und \u00a722 (1) des Elektro- und Elektronikger\u00e4tegesetzes (ElektroG) (Artikel 2 des Gesetzes zur Umsetzung der Abfallrahmenrichtlinie \u2013 \u00c4nderung des ElektroG in Paragraph 18) Das Gesetz zur Umsetzung der AbfRRL (Drucksache 88\/20) sieht in Artikel 2 eine \u00c4nderung des Elektro- und Elektronikger\u00e4tegesetzes in \u00a7 18 vor. Demnach ist j\u00e4hrlich &hellip; <\/p>\n<p class=\"link-more\"><a href=\"https:\/\/www.audioag.com\/wordpress\/de\/informationspflichten-gemaess-%c2%a7-18-artikel-2-elektro-und-elektronikgeraetegesetz\/\" class=\"more-link\"><span class=\"screen-reader-text\">\u201eInformationspflichten gem\u00e4\u00df  \u00a7 18, Artikel 2  Elektro- und Elektronikger\u00e4tegesetz\u201c<\/span> weiterlesen<\/a><\/p>\n","protected":false},"author":1,"featured_media":0,"parent":0,"menu_order":0,"comment_status":"closed","ping_status":"closed","template":"","meta":[],"_links":{"self":[{"href":"https:\/\/www.audioag.com\/wordpress\/wp-json\/wp\/v2\/pages\/1178"}],"collection":[{"href":"https:\/\/www.audioag.com\/wordpress\/wp-json\/wp\/v2\/pages"}],"about":[{"href":"https:\/\/www.audioag.com\/wordpress\/wp-json\/wp\/v2\/types\/page"}],"author":[{"embeddable":true,"href":"https:\/\/www.audioag.com\/wordpress\/wp-json\/wp\/v2\/users\/1"}],"replies":[{"embeddable":true,"href":"https:\/\/www.audioag.com\/wordpress\/wp-json\/wp\/v2\/comments?post=1178"}],"version-history":[{"count":1,"href":"https:\/\/www.audioag.com\/wordpress\/wp-json\/wp\/v2\/pages\/1178\/revisions"}],"predecessor-version":[{"id":1179,"href":"https:\/\/www.audioag.com\/wordpress\/wp-json\/wp\/v2\/pages\/1178\/revisions\/1179"}],"wp:attachment":[{"href":"https:\/\/www.audioag.com\/wordpress\/wp-json\/wp\/v2\/media?parent=1178"}],"curies":[{"name":"wp","href":"https:\/\/api.w.org\/{rel}","templated":true}]}}